130 and 290.
290
Calculate the highest common factor of 6780 and 420.
60
What is the highest common factor of 128297 and 6319?
71
Calculate the greatest common factor of 170845 and 55979.
727
Calculate the highest common factor of 25019 and 1778.
127
Calculate the greatest common divisor of 20827 and 9531.
353
Calculate the greatest common factor of 342 and 165483.
9
What is the highest common divisor of 7221 and 667?
29
What is the highest common factor of 1327050 and 90?
90
Calculate the highest common factor of 36595 and 2470.
65
Calculate the greatest common divisor of 70 and 99120.
70
What is the highest common divisor of 1335 and 48?
3
What is the highest common factor of 440 and 11110?
110
Calculate the greatest common divisor of 198 and 353166.
66
What is the highest common divisor of 42752 and 1280?
256
Calculate the highest common divisor of 838 and 2956883.
419
Calculate the greatest common divisor of 1425 and 143450.
475
What is the highest common divisor of 31388 and 798?
266
What is the highest common factor of 583081 and 131?
131
Calculate the greatest common factor of 18 and 3784.
2
Calculate the highest common factor of 990 and 347886.
198
Calculate the highest common divisor of 377 and 2113462.
377
Calculate the greatest common divisor of 285 and 416632.
19
What is the greatest common factor of 4864 and 57?
19
Calculate the highest common factor of 21312 and 162.
18
What is the greatest common divisor of 510 and 48705?
255
What is the highest common divisor of 441755 and 265?
265
Calculate the greatest common divisor of 35 and 16765.
35
What is the highest common factor of 1539 and 37221?
57
Calculate the greatest common divisor of 62 and 2542.
62
What is the greatest common factor of 42 and 30327654?
42
Calculate the highest common factor of 14 and 318.
2
What is the highest common divisor of 21 and 5211591?
21
Calculate the highest common factor of 52 and 86723.
13
What is the highest common factor of 756 and 1632?
12
Calculate the highest common factor of 1580 and 37604.
316
What is the highest common divisor of 50 and 44050?
50
What is the greatest common divisor of 374 and 21862?
34
What is the greatest common divisor of 134055 and 180?
45
What is the highest common factor of 36135 and 180?
45
What is the highest common divisor of 358 and 821252?
358
Calculate the highest common divisor of 221 and 29.
1
What is the greatest common divisor of 561 and 126621?
33
What is the greatest common divisor of 34440 and 420?
420
Calculate the highest common factor of 25876 and 6.
2
What is the greatest common factor of 33248 and 343909?
1039
What is the highest common factor of 278859 and 6504?
813
Calculate the highest common factor of 143323 and 433.
433
What is the greatest common factor of 2807 and 2177?
7
What is the greatest common divisor of 14 and 16457?
7
Calculate the highest common factor of 5345 and 110107.
1069
Calculate the greatest common divisor of 22894729 and 253.
253
Calculate the greatest common factor of 11837 and 5390.
7
What is the greatest common factor of 1425640 and 17400?
1160
Calculate the greatest common divisor of 67331 and 11.
11
Calculate the highest common divisor of 226 and 137634.
226
Calculate the highest common factor of 144 and 24048.
144
What is the greatest common factor of 3937251 and 17?
17
Calculate the highest common factor of 580167 and 63.
63
What is the highest common factor of 95367 and 1992?
249
Calculate the highest common factor of 1387100 and 3900.
1300
Calculate the greatest common divisor of 219 and 579693.
219
Calculate the highest common divisor of 105 and 161511.
21
What is the greatest common factor of 282 and 24?
6
Calculate the greatest common divisor of 85 and 5372.
17
What is the highest common factor of 16 and 3205296?
16
What is the highest common divisor of 152 and 289?
1
Calculate the greatest common factor of 1165 and 115.
5
Calculate the highest common factor of 440 and 2919180.
220
What is the highest common divisor of 5 and 643585?
5
Calculate the greatest common divisor of 16562 and 3472.
14
Calculate the highest common divisor of 598389 and 66.
33
Calculate the greatest common factor of 264 and 15000.
24
What is the greatest common factor of 137484 and 106704?
2052
Calculate the highest common divisor of 73 and 208123.
73
Calculate the highest common factor of 275 and 128645.
55
What is the highest common factor of 62959 and 143?
13
Calculate the highest common divisor of 13 and 409097.
13
Calculate the greatest common factor of 136 and 1586644.
68
Calculate the highest common factor of 231175 and 10675.
175
What is the highest common divisor of 319 and 56637?
29
Calculate the greatest common divisor of 513 and 16983.
27
Calculate the greatest common factor of 27234 and 178.
178
What is the greatest common divisor of 32706 and 2162?
46
Calculate the highest common divisor of 200 and 15848.
8
What is the greatest common divisor of 165628 and 940?
188
Calculate the greatest common factor of 20629 and 147.
49
What is the highest common divisor of 9 and 216927?
9
Calculate the highest common factor of 612 and 164118.
102
What is the highest common factor of 28100 and 2200?
100
What is the highest common factor of 20 and 3756560?
20
Calculate the highest common factor of 35210 and 2100.
70
What is the highest common factor of 34 and 95285?
17
What is the greatest common factor of 1017 and 1242?
9
Calculate the highest common divisor of 384 and 14448.
48
What is the greatest common factor of 1322772 and 847?
121
What is the greatest common factor of 11904 and 6540?
12
What is the greatest common divisor of 3 and 11207?
1
What is the highest common divisor of 95 and 38720?
5
What is the greatest common divisor of 13944 and 14?
14
What is the highest common factor of 74 and 52170?
74
What is the greatest common factor of 849056 and 156?
52
What is the greatest common factor of 2564 and 3340?
4
Calculate the greatest common factor of 13479 and 29.
1
What is the highest common factor of 388917 and 7110?
711
Calculate the highest common divisor of 15364 and 736.
92
What is the highest common divisor of 340 and 185895?
85
What is the highest common factor of 522 and 48?
6
Calculate the greatest common divisor of 75361 and 1001.
143
Calculate the greatest common divisor of 2 and 52301.
1
What is the greatest common factor of 1210 and 4190?
10
What is the greatest common divisor of 27470 and 37520?
670
Calculate the greatest common factor of 920 and 6470.
10
What is the greatest common divisor of 164493 and 7?
7
Calculate the greatest common divisor of 3816 and 26394.
318
Calculate the highest common factor of 4454208 and 8.
8
Calculate the highest common divisor of 104 and 1154868.
52
Calculate the greatest common divisor of 451 and 37761.
41
What is the greatest common divisor of 36 and 708060?
12
What is the greatest common factor of 13 and 141193?
13
What is the greatest common factor of 2048 and 82048?
128
Calculate the highest common factor of 102935 and 1275.
85
Calculate the highest common factor of 4489182 and 2916.
1458
What is the highest common factor of 2881 and 469?
67
What is the greatest common divisor of 416 and 2249?
13
What is the highest common factor of 1835816 and 232?
232
What is the greatest common factor of 46791 and 27?
27
What is the greatest common factor of 74615 and 10?
5
Calculate the greatest common divisor of 7 and 328615.
7
What is the highest common factor of 28882 and 14?
14
Calculate the highest common divisor of 265907 and 139.
139
Calculate the highest common divisor of 98147 and 49.
49
Calculate the greatest common factor of 1588 and 14084.
4
What is the highest common divisor of 3453 and 3?
3
What is the highest common factor of 80234 and 374?
22
Calculate the highest common divisor of 1679482 and 14.
14
What is the greatest common factor of 7557 and 627?
33
Calculate the highest common divisor of 727515 and 15.
15
What is the highest common factor of 9499 and 2093?
161
Calculate the highest common factor of 23584 and 1584.
176
What is the highest common divisor of 152870 and 40?
10
What is the greatest common factor of 16801 and 2?
1
What is the highest common factor of 58374 and 3384?
846
What is the highest common factor of 113